{"id":16,"date":"2018-11-25T16:31:09","date_gmt":"2018-11-25T16:31:09","guid":{"rendered":"https:\/\/fuerberg.de\/?page_id=16"},"modified":"2025-04-06T21:06:49","modified_gmt":"2025-04-06T19:06:49","slug":"der-verein","status":"publish","type":"page","link":"https:\/\/fuerberg.de\/index.php\/der-verein\/","title":{"rendered":"Der Verein"},"content":{"rendered":"<h1><strong>Der Verein stellt sich vor<\/strong><\/h1>\n<h4>Die F\u00fcrberger K\u00e4rwaburschen e. V. sind ein 1998 gegr\u00fcndeter Verein f\u00fcr jung und alt, der es sich zur Aufgabe gemacht hat die <strong>Traditionen und Br\u00e4uche der Kirchweih zu wahren und zu zelebrieren<\/strong>. Neben der klassischen K\u00e4rwa organisieren wir auch Sonnwendfeiern, Faschingsb\u00e4lle, einen Vorweihnachtlichen Gl\u00fchweinumtrunk und vieles mehr! <strong>Auf ein geselliges Beisammensein!<\/strong><\/h4>\n<p>&nbsp;<\/p>\n<h2>Vereinsgeschichte<\/h2>\n<h4>Im <strong>August 1998<\/strong> begann alles mit einem Fest auf dem &#8222;Kollmer Hof&#8220;. Hier wurde durch Spenden in H\u00f6he von 100 Mark von den sp\u00e4teren Gr\u00fcndungsmitgliedern der Grundstein f\u00fcr unsere K\u00e4rwa gelegt.<\/h4>\n<h4>Am <strong>11.12.1998<\/strong> trafen sich Sven Rockelmann, Bernd Zellh\u00f6fer, Manuel Hartl, Peter und Gerhard Roth, Roland und Richard Kn\u00f6chlein, Franco Viertel, Andreas Kollmer, Gerald Schmotzer, Thomas Reidelsh\u00f6fer, Markus Langer, G\u00fcnter Weis und Peter Eckert in der damaligen Pizzeria Salvatore (vormals Glaubers G\u00e4rtla) in Unterf\u00fcrberg und <strong>gr\u00fcndeten den Verein der &#8222;F\u00fcrberger K\u00e4rwaburschen e. V. 1998&#8220;<\/strong><\/h4>\n<h4>Die <strong>offizielle Eintragung in das Vereinsregister<\/strong> erfolgte dann <strong>am 05.05.1999<\/strong>. Kurz darauf, am <strong>19.06.1999<\/strong>, veranstaltete der noch junge Verein die <strong>erste F\u00fcrberger Sonnwendfeier<\/strong> an der Gastst\u00e4tte Villenkolonie (Heid).<\/h4>\n<h4><strong>Im Sommer des gleichen Jahres<\/strong>, traditionell am Wochenende des letzten Sonntags im August, organisierten die F\u00fcrberger K\u00e4rwaburschen ihre <strong>erste eigenst\u00e4ndige K\u00e4rwa<\/strong> am Parkplatz der Gastst\u00e4tte Villenkolonie. Das damalige Festgel\u00e4nde erstreckte sich bis \u00fcber die Gr\u00fcnanlage gegen\u00fcber der Gastst\u00e4tte Kirschbaum hinaus, wo die Schausteller ihre Buden und Fahrgesch\u00e4fte aufbauten.\u00a0<span lang=\"de-DE\">Die K\u00e4rwaburschen sorgten im Rahmen des Festes \u2013 wie auch heute noch \u2013 durch die Bewirtung mit Speis und Trank sowie die Durchf\u00fchrung des traditionellen Festprogramms f\u00fcr gute Stimmung<\/span>. Von der &#8222;neuen&#8220; K\u00e4rwa begeistert, gingen bereits nach der ersten Saison viele Neuanmeldungen beim Verein ein. Seitdem w\u00e4chst die Zahl unserer Vereinsmitglieder stetig weiter, wovon wir uns auch in Zukunft die Organisation vieler erfolgreicher und fr\u00f6hlicher Feste versprechen.<\/h4>\n<h4><span lang=\"de-DE\">Durch den gro\u00dfen Einsatz unserer ersten Mitglieder wurde <strong>im Jahr 2000<\/strong> die K\u00e4rwa mitsamt Festzelt und Schaustellern an den heutigen Festplatz an der Wende zum \u201eF\u00fcrbergsteg\u201c verlegt. Bei diesem Fest fand schlie\u00dflich auch der <strong>erste F\u00fcrberger K\u00e4rwazug<\/strong> statt.\u00a0<\/span><span lang=\"de-DE\">Dieser f\u00fchrt bis heute traditionell am K\u00e4rwasonntag durch die Stra\u00dfen Unterf\u00fcrbergs.<\/span><\/h4>\n<h4><span lang=\"de-DE\">Einen n\u00e4chsten H\u00f6hepunkt bekam unser Festprogramm <strong>im Jahr 2005<\/strong>, als die \u201e<strong>Bierprobe mit Schlachtsch\u00fcssel<\/strong>\u201c von den F\u00fcrberger K\u00e4rwaburschen ins Leben gerufen wurde. Hierf\u00fcr ein herzliches Dankesch\u00f6n an Andreas Kollmer und Monika Bierd\u00fcmpfel, die seither j\u00e4hrlich, in Zusammenarbeit mit der Metzgerei Sch\u00f6nleben, am Donnerstag f\u00fcr das leibliche Wohl unserer zahlreichen Besucher sorgen.<\/span><\/h4>\n<h4><span lang=\"de-DE\">Ein Verein ben\u00f6tigt auch ein \u201eVereinsheim&#8220;. Dankenswerterweise wurde uns <strong>2002<\/strong> das <strong>alte Feuerwehrhaus<\/strong> der FFW F\u00fcrberg durch die Stadt <strong>\u00fcbergeben<\/strong> und wir konnten erste Versammlungen im \u201eeigenen H\u00e4usle\u201c abhalten. Aufgrund wachsender Mitgliederzahlen wurde das alte Spritzenhaus bald zu eng. Um den Traum eines neuen und gr\u00f6\u00dferen Vereinsheims mit sanit\u00e4ren Anlagen, Heizung und einer K\u00fcche verwirklichen zu k\u00f6nnen, \u00fcberlie\u00df uns unser Gr\u00fcndungsmitglied Gerald Schmotzer gro\u00dfz\u00fcgig einen Teil seines Grundst\u00fccks. So konnte <strong>2006<\/strong> mit der <strong>Renovierung des Feuerwehrhauses<\/strong> und dem Bau eines neuen Anbaus begonnen werden. S\u00e4mtliche Arbeiten wurden dabei durch fachkundige Vereinsmitglieder mit flei\u00dfigen Helfern gestemmt. Nach dem <strong>Richtfest am 05.01.2008<\/strong> erfolgte das <strong>offizielle Fest zur Fertigstellung<\/strong> des Vereinsheims dann 10 Jahre sp\u00e4ter <strong>im Jahr 2018<\/strong>.<\/span><\/h4>\n<h4><span lang=\"de-DE\">Anl\u00e4sslich des <strong>20-j\u00e4hrigen Vereinsbestehens<\/strong> und der Einweihung des fertigen Vereinsdomizils, veranstalteten die K\u00e4rwaburschen <strong>am 16.06.2018<\/strong> eine gro\u00dfe Feier f\u00fcr alle Vereinsmitglieder, Freunde und Sponsoren des Vereins \u201eF\u00fcrberger K\u00e4rwaburschen e. V.\u201c<\/span><\/h4>\n<p>&nbsp;<\/p>\n<h2>Tradition und Brauchtum<\/h2>\n<h4>Die <strong>Traditionen und Br\u00e4uche von fr\u00fcher<\/strong> werden selbst nach 20-j\u00e4hrigem Vereinsbestehen <strong>heute noch fortgef\u00fchrt<\/strong>.<\/h4>\n<h4>Dazu z\u00e4hlen unter anderem:<\/h4>\n<ul>\n<li>\n<h4>Die <strong>Bierprobe mit Schlachtsch\u00fcssel<\/strong><\/h4>\n<\/li>\n<li>\n<h4>Das Suchen und Ausgraben des &#8222;<strong>F\u00e4sslas<\/strong>&#8222;<\/h4>\n<\/li>\n<li>\n<h4>Das Aufstellen des <strong>Kinderk\u00e4rwabaums<\/strong> am Kirchweihfreitag, durch unsere &#8222;Kleinen&#8220; Vereinsmitglieder<\/h4>\n<\/li>\n<li>\n<h4><strong>Bieranstich<\/strong> im Festzelt<\/h4>\n<\/li>\n<li>\n<h4>Das Aufstellen des <strong>K\u00e4rwabaums<\/strong> am Kirchweihsamstag, begleitet von festlichen B\u00f6llersch\u00fcssen der Sch\u00fctzen der \u201eB\u00f6llergruppe Hundsboden e. V.\u201c<\/h4>\n<\/li>\n<li>\n<h4>Die <strong>Baumwache<\/strong>, um rivalisierende K\u00e4rwaburschen aus anderen Orten davon abzuhalten unseren Baum zu sch\u00e4len<\/h4>\n<\/li>\n<li>\n<h4>Der <strong>F\u00fcrberger K\u00e4rwazug<\/strong> am K\u00e4rwasonntag<\/h4>\n<\/li>\n<li>\n<h4>Unser <strong>Feuerwerk am K\u00e4rwasonntag<\/strong>, das weit \u00fcber die Stadtgrenzen hinaus bekannt ist und <strong>jedes Jahr ein neues Highlight<\/strong> darstellt<\/h4>\n<\/li>\n<li>\n<h4>Der <strong>Fr\u00fchschoppen<\/strong> am Kirchweihmontag<\/h4>\n<\/li>\n<li>\n<h4>Das <strong>Austanzen der Betz&#8217;n<\/strong> auf dem Festplatz<\/h4>\n<\/li>\n<li>\n<h4>Die Beerdigung der K\u00e4rwa, zusammen mit der <strong>K\u00e4rwasau<\/strong>, am Montag um Mitternacht<\/h4>\n<\/li>\n<\/ul>\n<p>&nbsp;<\/p>\n<h2>Vereinssatzung<\/h2>\n<h4>Die aktuelle Satzung unseres Vereins finden Sie <a href=\"https:\/\/fuerberg.de\/wp-content\/uploads\/2024\/04\/Aktuelle-Satzung.pdf\"><strong><span style=\"color: #0000ff;\"><em>hier<\/em><\/span><\/strong><\/a>.<\/h4>\n<p>&nbsp;<\/p>\n<h2>Vereinsf\u00fchrung<\/h2>\n<h4>Die Vereinsf\u00fchrung als <strong>1. Vorstand<\/strong> oblag:<\/h4>\n<ul>\n<li>\n<h4>1998 &#8211; 2004: Sven Rockelmann<\/h4>\n<\/li>\n<li>\n<h4>2004 &#8211; 2008: J\u00f6rg Weisel<\/h4>\n<\/li>\n<li>\n<h4>2008 &#8211; 2012: Manuel Hartl<\/h4>\n<\/li>\n<li>\n<h4>2012 &#8211; 2014: Franz Kimberger<\/h4>\n<\/li>\n<li>\n<h4>2014 &#8211; 2019: Christian Buttenhauser<\/h4>\n<\/li>\n<li>\n<h4>2019 &#8211; 2023: Philipp Bader<\/h4>\n<\/li>\n<li>\n<h4>2023 bis heute: Fabian R\u00fcckl<\/h4>\n<\/li>\n<\/ul>\n<h4>Die <strong>restliche Vereinsf\u00fchrung<\/strong> ist momentan wie folgt aufgebaut:<\/h4>\n<ul>\n<li>\n<h4>1. Vorstand: Fabian R\u00fcckl<\/h4>\n<\/li>\n<li>\n<h4>2. Vorstand: Sebastian Bierl<\/h4>\n<\/li>\n<li>\n<h4>3. Vorstand: Sven Fleischmann<\/h4>\n<\/li>\n<li>\n<h4>Jungvorstand: Harald Schuster<\/h4>\n<\/li>\n<li>\n<h4>1. Kassier: Georg Kimberger<\/h4>\n<\/li>\n<li>\n<h4>1. Schriftf\u00fchrer: Tim Beyer<\/h4>\n<\/li>\n<li>\n<h4>1. Jugendwart: Celina Erzen<\/h4>\n<\/li>\n<\/ul>\n","protected":false},"excerpt":{"rendered":"<p>Der Verein stellt sich vor Die F\u00fcrberger K\u00e4rwaburschen e. V. sind ein 1998 gegr\u00fcndeter Verein f\u00fcr jung und alt, der es sich zur Aufgabe gemacht hat die Traditionen und Br\u00e4uche der Kirchweih zu wahren und zu zelebrieren. Neben der klassischen K\u00e4rwa organisieren wir auch Sonnwendfeiern, Faschingsb\u00e4lle, einen Vorweihnachtlichen Gl\u00fchweinumtrunk und vieles mehr! Auf ein geselliges&nbsp;&hellip;<\/p>\n","protected":false},"author":1,"featured_media":0,"parent":0,"menu_order":2,"comment_status":"closed","ping_status":"closed","template":"","meta":{"footnotes":""},"class_list":["post-16","page","type-page","status-publish","hentry"],"_links":{"self":[{"href":"https:\/\/fuerberg.de\/index.php\/wp-json\/wp\/v2\/pages\/16","targetHints":{"allow":["GET"]}}],"collection":[{"href":"https:\/\/fuerberg.de\/index.php\/wp-json\/wp\/v2\/pages"}],"about":[{"href":"https:\/\/fuerberg.de\/index.php\/wp-json\/wp\/v2\/types\/page"}],"author":[{"embeddable":true,"href":"https:\/\/fuerberg.de\/index.php\/wp-json\/wp\/v2\/users\/1"}],"replies":[{"embeddable":true,"href":"https:\/\/fuerberg.de\/index.php\/wp-json\/wp\/v2\/comments?post=16"}],"version-history":[{"count":28,"href":"https:\/\/fuerberg.de\/index.php\/wp-json\/wp\/v2\/pages\/16\/revisions"}],"predecessor-version":[{"id":578,"href":"https:\/\/fuerberg.de\/index.php\/wp-json\/wp\/v2\/pages\/16\/revisions\/578"}],"wp:attachment":[{"href":"https:\/\/fuerberg.de\/index.php\/wp-json\/wp\/v2\/media?parent=16"}],"curies":[{"name":"wp","href":"https:\/\/api.w.org\/{rel}","templated":true}]}}